**2 + 2*u + 4. Calculate the remainder when 47 is divided by z(-2).
7
Suppose 2*a + 4*u - 3 = 115, 5*a = 4*u + 239. What is the remainder when 356 is divided by a?
50
Let l be (4 + (-4)/1)/(-1). Suppose l = -0*v + 4*v, 0 = 3*a + 4*v - 33. Let h(s) = 32*s. Calculate the remainder when h(1) is divided by a.
10
Let i = -200 - -286. What is the remainder when 256 is divided by i?
84
Suppose j - 113 = -4*g, -3*g - 4*j = 2*g - 144. Calculate the remainder when 528 is divided by g.
24
Let h(q) be the third derivative of 7*q**4/12 + q**3 - 10*q**2. What is the remainder when h(4) is divided by 16?
14
What is the remainder when 70 is divided by (87/(-12))/(102/(-48) - -2)?
12
Let s = 43 - 43. Suppose 2*y - 17 = -v + 7, s = 4*y - 4*v - 24. What is the remainder when y is divided by 5?
0
Let u(x) = -16*x - 4. Calculate the remainder when u(-4) is divided by (-112)/(-5) + (-26)/(390/(-9)).
14
Suppose -3*a + 8*v + 648 = 2*v, 2*v = 4*a - 834. Calculate the remainder when a is divided by 72.
62
Let p = 3 - 1. Suppose -q + p*q = -g + 135, -4*q + 20 = 0. Suppose 7*h = 2*h + g. What is the remainder when h is divided by 14?
12
Let k = 98 + -185. Let i = -53 - k. Suppose 4*g - 36 = -3*m, -5*m + 0*m + 5*g + 60 = 0. Calculate the remainder when i is divided by m.
10
Let w(p) = -2*p + 36. Let t be w(15). Suppose 0 = 2*o + 6*k - 2*k - 64, -3*o + 5*k = -63. What is the remainder when o is divided by (5 - 8) + (t - -1)?
2
Suppose 0 = -13*n + 6*n + 49. Calculate the remainder when 81 is divided by n.
4
Let p = -68 + 98. Suppose 4*v - 2*v - p = 0. Calculate the remainder when v is divided by ((-1)/1)/(1/(-4)).
3
Let j(u) = u**2 - 17*u + 91. Let a = 87 - 42. Calculate the remainder when a is divided by j(11).
20
Suppose 370 = 4*h + v, 194 = 2*h - 3*v + 2. What is the remainder when h is divided by 31?
0
Let s(p) = -p**2 + 7*p - 2. Let z(m) = -m**3 + 7*m**2 - 2. Let c be z(4). Suppose 0 = 2*j - c + 18. Calculate the remainder when j is divided by s(5).
6
Let u = 75 + -71. Suppose 24 = u*c - 68. What is the remainder when c is divided by (-2)/(2/(-1)) + 11?
11
Let f(b) = 2*b + 16. Let t = -21 + 24. Calculate the remainder when 130 is divided by f(t).
20
Let b(i) = -23*i + 12. Let l(c) = 47*c - 26. Let x(m) = -5*b(m) - 2*l(m). What is the remainder when 1/(-1) - 5*-10 is divided by x(1)?
10
Suppose -56 = -6*r + 40. Suppose -l - 2*s = 19, -3*s = -0*l - 2*l - 66. Let y = l - -56. What is the remainder when y is divided by r?
13
Let c = 30 + -15. Suppose -m - c = -4*m. Let x = 17 - m. Calculate the remainder when x is divided by 7.
5
Let h(b) = b**2 + 6*b - 21. Calculate the remainder when 97 is divided by h(5).
29
Suppose -9*z = -8*z - 16. Let q = 14 + z. Suppose -4*b + 190 = -q. What is the remainder when b is divided by 19?
17
Let t(g) = -2*g + 18. Calculate the remainder when 443 is divided by t(3).
11
Let m = -83 - -115. Calculate the remainder when 38 is divided by m.
6
Let u be (18 - 0)*8/(-12). Let q = 27 + u. Calculate the remainder when q is divided by 9.
6
Let n(i) = i**2 - 18*i + 17. Suppose -12 = -2*a + 20. Let b be n(a). Let p(d) = d**3 + 16*d**2 + 7*d + 9. Calculate the remainder when p(b) is divided by 33.
30
Let n = -49 + -33. Let t = n + 104. What is the remainder when t is divided by 15?
7
Suppose 4*x - 3*h = 257, 4*h = 4*x - 212 - 44. Calculate the remainder when 129 is divided by x.
64
Let x(k) = -k**2 + 7*k + 29. What is the remainder when 86 is divided by x(8)?
2
Let k(l) = 59*l - 335. What is the remainder when 144 is divided by k(6)?
11
Let w = -412 - -528. Calculate the remainder when w is divided by 15.
11
Suppose -4*u - 2*k + 12 + 0 = 0, 0 = -k - 4. Suppose -19 + 4 = -5*c. Suppose v + 5*m = 10, -u*m + m - 125 = -c*v. What is the remainder when v is divided by 18?
17
Let j = 2141 + -1539. Calculate the remainder when j is divided by 121.
118
Suppose -b = 3*b - p + 305, -4*b - 325 = -5*p. Let n = -22 - 90. Let o = b - n. Calculate the remainder when o is divided by 10.
7
Let c(u) = -5*u + 108. Calculate the remainder when 644 is divided by c(20).
4
Suppose 4 = -2*y, -2*y = b + 2 - 0. Suppose x + b = -2. Let l = 8 + x. What is the remainder when 11 is divided by l?
3
Let n(r) = -r**3 + 10*r**2 - 6*r - 2. Let j = 23163 - 23145. Calculate the remainder when n(6) is divided by j.
16
Let q(o) be the second derivative of 13*o**5/20 + o**4/12 - o**2/2 - 4*o. What is the remainder when (-2)/3 - -382*1/6 is divided by q(1)?
11
Suppose 2*n - 22 = 4*i, -5*i + 0*i = 15. Let p(y) = -y**3 + 7*y**2 - y - 7. Calculate the remainder when p(n) is divided by -2 + 6 - 3*-3.
12
Let y be 40 + (-1 - 3) + (1 - 3). Suppose h + 38 - 6 = s, 2*h + y = s. What is the remainder when s is divided by 4?
2
Suppose 4*m - 2 = 3*m, s - 38 = -2*m. Calculate the remainder when 92 is divided by s.
24
Suppose 0 = 5*b + 5*f - 185, b = -b - 5*f + 71. Calculate the remainder when 71 is divided by b.
33
Suppose -t - 8*y = -7*y - 713, 0 = 4*t - y - 2847. What is the remainder when t is divided by 65?
62
Suppose -34 = -3*u + 320. Let l = 251 - u. What is the remainder when l is divided by 27?
25
Let b = 23 - 24. What is the remainder when 187 is divided by b + 0 + (14 - -14)?
25
Calculate the remainder when (4011/(-12) + (-13)/(-52))*-1 is divided by 8.
6
Let h = 23 - 23. Suppose 2*o - 69 - 33 = h. What is the remainder when o is divided by 13?
12
Let i = 109 - 50. Let p be 3*1 + (-8)/(-2). Suppose -p - 73 = -4*b. Calculate the remainder when i is divided by b.
19
Let f be 82/4 + (-18)/36. Let o = f + -18. Suppose -100 = -7*i + o*i. What is the remainder when 34 is divided by i?
14
Let c = -219 - -1231. What is the remainder when c is divided by 8?
4
Suppose -l + 165 = 5*j, 4*l + 0*j = -2*j + 678. Suppose -l = -10*w + 5*w. Calculate the remainder when w is divided by 9*(-54)/(-63)*28/18.
10
Suppose 0 = -126*g + 142*g - 160. What is the remainder when 85 is divided by g?
5
Let o = -114 - -54. What is the remainder when (-2)/(-5) - 5136/o is divided by 18?
14
Let b(n) = 4*n**3 - n**2 + 3*n - 2. What is the remainder when 95 is divided by b(1)?
3
Let p = 989 + -918. What is the remainder when p is divided by 30?
11
Let b be 223/(-3) + 3/9. Let p = b - -111. Calculate the remainder when p is divided by 19.
18
Suppose o = 3*w + 193, -5*o = 4*w + 147 - 1169. What is the remainder when o is divided by 17?
15
Suppose -2*m = -3*m. Let p = m + 4. What is the remainder when p/14 - (-33)/7 is divided by 3?
2
Suppose -30 = -5*r + 70. What is the remainder when 168/r*((-51)/(-6) + -1) is divided by 32?
31
Suppose -6*s = 2*s + 832. Let o = 146 + s. Calculate the remainder when o is divided by 24.
18
Suppose 2*o = 3*d + 48, 0 = -3*o - 0*o + 4*d + 70. What is the remainder when o is divided by 8?
2
Let a(s) be the second derivative of s**3/2 - 21*s**2 - 2*s - 2. What is the remainder when 50 is divided by a(23)?
23
Let f(y) = -19*y - 201. Calculate the remainder when f(-13) is divided by 12.
10
Let q(f) = 27*f - 121. Calculate the remainder when 698 is divided by q(5).
12
Let v = 584 - 569. Calculate the remainder when 104 is divided by v.
14
Suppose 8*c = 10*c - 2, -4*c - 548 = -4*w. What is the remainder when w is divided by 83?
55
Let g be 2/6 + 2/(-6). Suppose l - 2*b - 3 = -0*b, g = -5*l - 4*b + 43. Calculate the remainder when 13 is divided by l.
6
Suppose n + 5*f + 15 = 4, -n = 4*f + 6. Suppose -2*l + 167 = 5*p, 4*p + 326 - 6 = 4*l. What is the remainder when l is divided by n?
11
Let x(f) = -4*f**3 - 5*f**2 - 17*f - 3. Calculate the remainder when x(-3) is divided by 8.
7
Let n = 54 - 51. Suppose 0 = n*g - g - 56. What is the remainder when g is divided by 6?
4
Suppose 3*o - 13*j + 9*j = 0, 2*o + 4*j - 20 = 0. Suppose -d + 9 = -o. Calculate the remainder when d is divided by (-1)/(-4) - (-15)/4.
1
Let x be -4 + 0 - -5*2. Suppose 15*t - x*t = 27. What is the remainder when 19 is divided by t?
1
Let l be ((-93)/(-6))/(2/12). Let j = l - 61. Calculate the remainder when 124 is divided by j.
28
Let g(m) = m**3 + 17*m**2 + 11*m - 1. What is the remainder when g(-15) is divided by 48?
44
Let z = 155 + -81. Suppose 2*b - b = 4*i - 54, 2*b = -5*i + z. What is the remainder when i is divided by 8?
6
Let t be (30/(-5))/((3 - 2)*2). Let j(z) = -59*z + 8. Calculate the remainder when j(t) is divided by 47.
44
Le